 of z(n). Calculate u(-16).
8
Let f be (-4)/(-28) - 3240/(-56). Let z(w) = 105*w - 44*w - f*w. Calculate z(1).
3
Let i(h) be the second derivative of -h**5/20 - 13*h**4/12 + h**3/6 + 9*h**2/2 + 2*h - 53. Suppose 4*d = -45 - 7. Calculate i(d).
-4
Let s(h) = h**3 + 26*h**2 + 2*h + 26. Suppose 66*o = 51*o - 390. Calculate s(o).
-26
Let o(z) = 0*z**2 - 7 - 4*z + 6*z - 6*z**2 - z**2 + z**3. Let h = -108092 - -108099. Determine o(h).
7
Let g = 4571 + -4567. Let h(u) = 2*u**3 - 2*u**2 - 9*u - 2. Determine h(g).
58
Let n(g) = -2*g. Let i(h) be the first derivative of -h**4/4 - 11*h**3/3 + 3*h**2/2 + h + 6. Let j be i(-11). Let f be 2/(-8) + (-104)/j. Calculate n(f).
-6
Let r(u) be the first derivative of -u**4/4 + 14*u**3/3 - 14*u**2 + 45*u + 3341. Give r(12).
-3
Let a(g) = -2*g**2 - 7*g - 6. Let j(t) = -5*t**2 - 9*t - 16. Let y(u) = 2*a(u) - j(u). Give y(4).
0
Let d = 1310 - 1306. Let b(z) = 2*z**2 - 11*z + 6. What is b(d)?
-6
Let j(f) = f**3 - 13*f**2 - 14*f + 2. Suppose 5*v + 3 - 75 = l, -38 = -2*v + 5*l. Give j(v).
2
Let c = 11 + -7. Let f(s) = -s**3 - s**2 + s - 1. Let h(z) = 5*z**3 + 10*z**2 - 11*z + 11. Let l(b) = 6*f(b) + h(b). Give l(c).
-15
Suppose -94*r - 70 = -96*r. Let d be (-6 - -3)/(1/r). Let m = d - -105. Let y(f) = f**2 + 2. Determine y(m).
2
Let x(s) = s**3 + 6*s**2 + 6*s + 6. Let r be 3 - (0 + 9) - (-6)/3. Determine x(r).
14
Let r(x) = -2*x**2 + 9*x + 2. Let k(p) = -p**2 + 4*p + 1. Let h(b) = 5*k(b) - 3*r(b). Suppose -7*q + 5*g + 13 = -6*q, -5*q - g + 13 = 0. Determine h(q).
-13
Let t(a) = 103*a**3 - 11*a**2 + 5*a - 8. Let x(h) = -34*h**3 + 4*h**2 - 2*h + 3. Let k(y) = 4*t(y) + 11*x(y). Let w = -530 + 531. Determine k(w).
37
Let j(n) = 4*n + 5 - 4 - 164*n**2 + 166*n**2 - 2. Suppose 12 = -5*a + a. Calculate j(a).
5
Suppose 0 = -19*x + 28*x - 54. Let n(q) = -5. Let v(j) = -j + 1. Let y(g) = -n(g) + 3*v(g). What is y(x)?
-10
Let b(a) = a**3 + 20*a**2 - 23*a - 42. Let n(g) = 6*g**2 - 33*g - 39. Let j be n(6). Give b(j).
0
Let k(p) be the second derivative of 1/6*p**3 + 5*p**2 + 1 - 13*p. What is k(-5)?
5
Let y(k) = -5*k - 87. Let i = -3445 + 3434. Determine y(i).
-32
Let p(t) = 10*t**2 - 62*t + 6. Let x(r) = 11*r**2 - 70*r + 6. Let j(k) = -10*p(k) + 9*x(k). Calculate j(-1).
3
Let s(t) = -2*t**3 - 2*t**2 + t. Suppose -3*z + 11 - 11 = 0. Let j = z + 1. What is s(j)?
-3
Suppose 28*g - 199 + 85 - 110 = 0. Let w(z) = 15*z - 23. Give w(g).
97
Let m = -47 - -53. Let i(p) = 0*p**3 + m*p - p**3 - 3*p**2 + 0*p - p. Let j be ((-6)/(4 - 3))/(6/4). What is i(j)?
-4
Let z(d) = -86*d + 11 + 7 + 11 + 49*d + 36*d. What is z(22)?
7
Let w(d) = 6*d + 9. Suppose 5*h + 235 = 4*v, 3*v - 36 - 108 = 3*h. Let n = h - -50. Let p(j) = -5*j - 8. Let b(m) = n*p(m) + 6*w(m). Give b(-5).
-7
Let p be ((-8)/(48/(-21)))/(8/(-16)). Let f(z) be the second derivative of -1/20*z**5 + 4*z + 0 - 7/12*z**4 + 0*z**3 + 3/2*z**2. Calculate f(p).
3
Let v be 1/1 + (4 - (5 - 2)). Let b be 117/3 + v + (-6 - -3). Let c = 38 - b. Let h(m) = m**3 + m**2 - m + 11. Give h(c).
11
Suppose -3*l - 2*l + 20 = 0. Let k(o) be the first derivative of 1/4*o**4 - 1/2*o**2 + 2*o - 4/3*o**3 + 21. Determine k(l).
-2
Let a(u) = 2*u**3 - 93*u**2 - 44*u - 127. Let s be a(47). Suppose 2*x = 4*b + 44, -8*b - 2*x = -3*b + 73. Let t = b + s. Let d(z) = -4*z - 1. Calculate d(t).
-5
Let i(u) = -27*u + 20. Let h(y) = 14*y - 10. Let b(g) = 13*h(g) + 6*i(g). Let p be b(1). Let n(w) = -w**3 + 11*w**2 - 10*w + 6. Give n(p).
6
Let o(y) be the first derivative of -8*y**3/3 - 9*y + 376. Calculate o(-3).
-81
Let b = 50 + -53. Let a(y) = 5*y**3 - 21*y**2 - 17*y - 5. Let d(s) = 2*s**3 - 10*s**2 - 8*s - 3. Let l(j) = b*a(j) + 7*d(j). What is l(-6)?
-12
Let p(k) = -k + 10. Let s be p(7). Let g(z) be the third derivative of -z**4/12 + 7*z**3/6 + 874*z**2. Determine g(s).
1
Let g(k) be the first derivative of k**3/3 + 5*k**2/2 + 21*k + 1958. Calculate g(-8).
45
Let w(n) = n**2 - n - 11. Let x be w(0). Let j = 485 + -497. Let d = j - x. Let i(p) = -9*p**3 - p**2 - p - 1. Calculate i(d).
8
Let p(g) = 25 - 18*g**2 - 4 + 3*g + 21*g**2 - 18 - 20. What is p(4)?
43
Let p be 93 - (0/18 - (-8)/(-2)). Let m(a) = -49*a - 42*a - 1 + p*a. Determine m(3).
17
Suppose -5*l + 3 = -2*b, 16*b - 17*b = 5*l - 6. Suppose 989*p = 988*p - b. Let k(i) = 7*i**2 - 3*i - 1. Determine k(p).
9
Suppose 4*g - 17 = -27 + 14. Let p(w) = 55*w + 2. Determine p(g).
57
Let s(x) = -9*x**3 + 37*x**2 - 6*x + 28. Let a(w) = 47*w**3 - 190*w**2 + 31*w - 138. Let g(t) = -4*a(t) - 21*s(t). What is g(17)?
-2
Let f(l) = -806*l - 24989. Let g be f(-31). Let z(a) be the first derivative of a**4/4 + 4*a**3/3 + 5*a**2/2 + 3*a - 1. Determine z(g).
-3
Suppose a + 5*v = 38, 2*v - 19 - 4 = -a. Suppose 1 = -3*z + a. Let h be 1*(-2 - -2)*z/(-8). Let u(n) = -n**2 + 9. Give u(h).
9
Suppose -21 + 20 = b. Let l(f) = -f**3 + 5*f**2 - 2*f + 6. Let p(d) be the second derivative of d**2/2 + 11*d. Let x(h) = b*l(h) + 3*p(h). Calculate x(5).
7
Let k be 45/(-12) - (-66)/88. Let f be (k*88/48)/(1/(-2)). Let l(z) = z**2 - 9*z - 16. Give l(f).
6
Let c(z) = 3*z - 3. Suppose -5*b + 5*u + 50 = 0, 2*b + 63*u - 35 = 68*u. What is c(b)?
12
Suppose -1552 - 545 + 319 = -254*v. Let m(n) = -n**3 + 8*n**2 - 4*n + 8. Calculate m(v).
29
Let l be (-279)/(-39) + 8/(-52). Let h(f) = 16*f - l + f - 23*f - f**2. Calculate h(-7).
-14
Let d be ((-9)/(-6))/(42/56). Let s(j) = j**d - 5*j + j - 8 - 3*j + 14. What is s(6)?
0
Let f = -86 - -84. Let s(a) = -24*a + 2. Let n be s(f). Let j(o) = n + 4*o + 3*o - 53. Give j(2).
11
Let u(s) be the second derivative of -s**5/20 + 7*s**4/12 - s**3/3 + 7*s**2/2 + 64*s. Let w(z) = z**3 + 9*z**2 + 3*z - 33. Let o be w(-8). Give u(o).
-7
Let k(y) = -8*y - 442. Suppose 4*a = 5*q - 219, -93*a - q = -91*a + 113. What is k(a)?
6
Suppose 131*a = 116*a + 180. Let c(d) be the second derivative of -1/6*d**3 + 13*d + 0 + 7*d**2. Determine c(a).
2
Let k(x) = -79*x - 1. Let p be (50/35 + ((-93)/21 - -4))*-1. What is k(p)?
78
Let d(q) = -q + 3. Let z(x) = -14. Let p(j) = 5*d(j) + z(j). Let m = -36 - -35. Give p(m).
6
Let s(k) = -k**3 - 2*k**2 - 3*k + 6. Suppose 4 - 4 = -217*o. Determine s(o).
6
Let g(t) = t**3 + 8*t**2 - 8*t + 9. Let y(m) = -129*m + 210. Let r(s) = 66*s - 105. Let a(c) = 5*r(c) + 3*y(c). Let x be a(2). Determine g(x).
0
Suppose v = 4, -9*b + 21 = -6*b + 3*v. Let m(g) = 5*g**2 + 8*g - 2. Let h(c) = -12*c**2 - 15*c + 3. Let s(y) = b*h(y) + 7*m(y). What is s(10)?
5
Let t(w) be the first derivative of -w**4/4 + 15*w**3 - 41*w**2/2 - 134*w + 726. Give t(44).
-2
Let l(p) be the first derivative of -p**3/3 + 17*p**2/2 + 42*p - 2455. Determine l(21).
-42
Let n be (-6)/1 + (-28 - -43). Let u(g) = -4*g - 1. Let k = -4 + 9. Let m(b) = -3*b - 2. Let l(a) = k*m(a) - 4*u(a). Calculate l(n).
3
Let x(b) = -6117*b + 79510. Let c be x(13). Let r(v) = -7*v - 17. Let k(n) = -6*n - 17. Let i(s) = 6*k(s) - 5*r(s). Calculate i(c).
-6
Let d be (3 + -4 - 1)*2. Let y(q) = q + 15. Let p be y(d). Let j(i) = -2*i + p + 12*i - 9*i. Give j(-6).
5
Let o = -10 - -10. Suppose -2*t + u - 5*u - 12 = o, t = 3*u + 9. Suppose 6 = -2*j + 2*r, t*r = -2*r + 2. Let y(f) = -2*f**3 - f**2. Determine y(j).
12
Let h(j) = j**3 - 7*j**2 + 13*j + 13. Let g(r) = r**3 - 7*r**2 + 12*r + 11. Let s(c) = 5*g(c) - 4*h(c). Suppose 7 = 4*b - 17. Determine s(b).
15
Let i(z) = -12 + 19*z + 9*z + z - 11*z - 2*z. Determine i(7).
100
Suppose 5*x = -24*v + 20*v + 1293, -4*x - 2*v + 1038 = 0. Let z(b) = -9*b + 3*b**3 - 4*b**3 - x - 9*b**2 + 263. Determine z(-8).
10
Let c(g) be the first derivative of -11*g - 2*g**2 - 13/3*g**3 - 40. Let b(o) = 28*o**2 + 7*o + 23. Let i(y) = -6*b(y) - 13*c(y). Calculate i(-9).
-4
Let s(g) = -5 + 4 + 0*g + 3*g. Suppose -483 = -294*t + 22*t + 605. Calculate s(t).
11
Let p(h) = -h**3 + 130*h**2 - 744*h + 5. Let x be p(124). Let s(m) = -2*m**2 + 46*m - 179. Calculate s(x).
1
Let p(b) = b**3 - b + 2. Let k be p(0). Let x(y) = -y**2 + 103*y**3 - 35*y**3 + 0*y**2 - 2 - 38*y**3 - y - 29*y**3. Calculate x(k).
0
Let q(x) = -6*x**2 + 12*x - 3. Let i(m) = m**2 - m - 1. Let a(u) = 5*i(u) + q(u). Let s be ((-20)/8)/(149/(-447)) - ((-15)/(-6) - 2). What is a(s)?
-8
Suppose 10*r + 30 = 16*r. Let d(x) = -5*x + 1 + 2*x - x - r*x. Give d(-1).
10
Let z(a) be the third derivative of -a**4/12 - 15*a**3/2 + 1186*a**2. Determine 